{"id":199,"date":"2020-02-24T13:28:22","date_gmt":"2020-02-24T13:28:22","guid":{"rendered":"https:\/\/saarlandfrauen.de\/?page_id=199"},"modified":"2021-04-19T15:54:10","modified_gmt":"2021-04-19T14:54:10","slug":"lv_milch_vorstellung","status":"publish","type":"page","link":"https:\/\/saarlandfrauen.de\/?page_id=199","title":{"rendered":"LV_Milch_DasProjekt_&#8221;Fit_mit_Milch&#8221;"},"content":{"rendered":"<p>[et_pb_section fb_built=&#8221;1&#8243; fullwidth=&#8221;on&#8221; _builder_version=&#8221;3.22&#8243;][et_pb_fullwidth_image src=&#8221;https:\/\/saarlandfrauen.de\/wp-content\/uploads\/2021\/04\/Grafik-Milk-Glass-Pitcher-von-Couleur-Pixabay-original.jpg&#8221; admin_label=&#8221;Titel Bild&#8221; _builder_version=&#8221;4.9.4&#8243; vertical_offset_tablet=&#8221;-45px&#8221; horizontal_offset_tablet=&#8221;0&#8243; hover_enabled=&#8221;0&#8243; z_index_tablet=&#8221;500&#8243; box_shadow_horizontal_tablet=&#8221;0px&#8221; box_shadow_vertical_tablet=&#8221;0px&#8221; box_shadow_blur_tablet=&#8221;40px&#8221; box_shadow_spread_tablet=&#8221;0px&#8221; max_height_last_edited=&#8221;on|phone&#8221; max_height=&#8221;350px&#8221; sticky_enabled=&#8221;0&#8243; max_height_tablet=&#8221;275px&#8221; max_height_phone=&#8221;200px&#8221; vertical_offset_last_edited=&#8221;on|desktop&#8221; vertical_offset=&#8221;-150px&#8221; vertical_offset_phone=&#8221;-20px&#8221;][\/et_pb_fullwidth_image][\/et_pb_section][et_pb_section fb_built=&#8221;1&#8243; fullwidth=&#8221;on&#8221; _builder_version=&#8221;3.22&#8243;][et_pb_fullwidth_menu menu_id=&#8221;13&#8243; menu_style=&#8221;centered&#8221; submenu_direction=&#8221;downwards&#8221; fullwidth_menu=&#8221;off&#8221; menu_icon_color=&#8221;#000000&#8243; admin_label=&#8221;Unter Men\u00fc&#8221; _builder_version=&#8221;4.4.3&#8243; menu_font=&#8221;|700|||||||&#8221; menu_font_size=&#8221;17px&#8221; background_color=&#8221;#e09900&#8243; vertical_offset_tablet=&#8221;0&#8243; horizontal_offset_tablet=&#8221;0&#8243; z_index_tablet=&#8221;500&#8243; menu_text_shadow_horizontal_length_tablet=&#8221;0px&#8221; menu_text_shadow_vertical_length_tablet=&#8221;0px&#8221; menu_text_shadow_blur_strength_tablet=&#8221;1px&#8221; box_shadow_horizontal_tablet=&#8221;0px&#8221; box_shadow_vertical_tablet=&#8221;0px&#8221; box_shadow_blur_tablet=&#8221;40px&#8221; box_shadow_spread_tablet=&#8221;0px&#8221; box_shadow_horizontal_image_tablet=&#8221;0px&#8221; box_shadow_vertical_image_tablet=&#8221;0px&#8221; box_shadow_blur_image_tablet=&#8221;40px&#8221; box_shadow_spread_image_tablet=&#8221;0px&#8221;][\/et_pb_fullwidth_menu][\/et_pb_section][et_pb_section fb_built=&#8221;1&#8243; _builder_version=&#8221;4.3.3&#8243; vertical_offset_tablet=&#8221;0&#8243; horizontal_offset_tablet=&#8221;0&#8243; z_index_tablet=&#8221;500&#8243; box_shadow_horizontal_tablet=&#8221;0px&#8221; box_shadow_vertical_tablet=&#8221;0px&#8221; box_shadow_blur_tablet=&#8221;40px&#8221; box_shadow_spread_tablet=&#8221;0px&#8221;][et_pb_row _builder_version=&#8221;4.3.3&#8243; vertical_offset_tablet=&#8221;0&#8243; horizontal_offset_tablet=&#8221;0&#8243; z_index_tablet=&#8221;0&#8243; custom_css_main_element=&#8221;align-items: center;&#8221; box_shadow_horizontal_tablet=&#8221;0px&#8221; box_shadow_vertical_tablet=&#8221;0px&#8221; box_shadow_blur_tablet=&#8221;40px&#8221; box_shadow_spread_tablet=&#8221;0px&#8221;][et_pb_column type=&#8221;4_4&#8243; _builder_version=&#8221;3.0.47&#8243; custom_padding=&#8221;|||&#8221; custom_padding__hover=&#8221;|||&#8221;][et_pb_text admin_label=&#8221;Fit mit Milch&#8221; _builder_version=&#8221;4.6.1&#8243; vertical_offset_tablet=&#8221;0&#8243; horizontal_offset_tablet=&#8221;0&#8243; z_index_tablet=&#8221;0&#8243; text_text_shadow_horizontal_length_tablet=&#8221;0px&#8221; text_text_shadow_vertical_length_tablet=&#8221;0px&#8221; text_text_shadow_blur_strength_tablet=&#8221;1px&#8221; link_text_shadow_horizontal_length_tablet=&#8221;0px&#8221; link_text_shadow_vertical_length_tablet=&#8221;0px&#8221; link_text_shadow_blur_strength_tablet=&#8221;1px&#8221; ul_text_shadow_horizontal_length_tablet=&#8221;0px&#8221; ul_text_shadow_vertical_length_tablet=&#8221;0px&#8221; ul_text_shadow_blur_strength_tablet=&#8221;1px&#8221; ol_text_shadow_horizontal_length_tablet=&#8221;0px&#8221; ol_text_shadow_vertical_length_tablet=&#8221;0px&#8221; ol_text_shadow_blur_strength_tablet=&#8221;1px&#8221; quote_text_shadow_horizontal_length_tablet=&#8221;0px&#8221; quote_text_shadow_vertical_length_tablet=&#8221;0px&#8221; quote_text_shadow_blur_strength_tablet=&#8221;1px&#8221; header_text_shadow_horizontal_length_tablet=&#8221;0px&#8221; header_text_shadow_vertical_length_tablet=&#8221;0px&#8221; header_text_shadow_blur_strength_tablet=&#8221;1px&#8221; header_2_text_shadow_horizontal_length_tablet=&#8221;0px&#8221; header_2_text_shadow_vertical_length_tablet=&#8221;0px&#8221; header_2_text_shadow_blur_strength_tablet=&#8221;1px&#8221; header_3_text_shadow_horizontal_length_tablet=&#8221;0px&#8221; header_3_text_shadow_vertical_length_tablet=&#8221;0px&#8221; header_3_text_shadow_blur_strength_tablet=&#8221;1px&#8221; header_4_text_shadow_horizontal_length_tablet=&#8221;0px&#8221; header_4_text_shadow_vertical_length_tablet=&#8221;0px&#8221; header_4_text_shadow_blur_strength_tablet=&#8221;1px&#8221; header_5_text_shadow_horizontal_length_tablet=&#8221;0px&#8221; header_5_text_shadow_vertical_length_tablet=&#8221;0px&#8221; header_5_text_shadow_blur_strength_tablet=&#8221;1px&#8221; header_6_text_shadow_horizontal_length_tablet=&#8221;0px&#8221; header_6_text_shadow_vertical_length_tablet=&#8221;0px&#8221; header_6_text_shadow_blur_strength_tablet=&#8221;1px&#8221; box_shadow_horizontal_tablet=&#8221;0px&#8221; box_shadow_vertical_tablet=&#8221;0px&#8221; box_shadow_blur_tablet=&#8221;40px&#8221; box_shadow_spread_tablet=&#8221;0px&#8221;]<\/p>\n<h3><u>Das Schulprojekt \u201cFit mit Milch\u201d<\/u><\/h3>\n<p>Das Projekt \u00abFit mit Milch\u00bb wurde vom Landesverband der SaarLandFrauen e.\u00a0V. in Kooperation mit dem Ministerium f\u00fcr Umwelt und Verbraucherschutz des Saarlandes, der CMA und der Landesvereinigung der Milchwirtschaft des Saarlandes e.\u00a0V. ins Leben gerufen und wird seit 2005 erfolgreich an Grund- und weiterf\u00fchrenden Schulen durchgef\u00fchrt.<\/p>\n<p>Ein ma\u00dfgebender Faktor in der Gesundheitsf\u00f6rderung stellt eine gesunde Ern\u00e4hrung dar. Dabei ist es wichtig, bereits im fr\u00fchen Kindesalter ein gesundes Essverhalten zu erlernen. Das (Schul-) Fr\u00fchst\u00fcck nimmt dabei als \u201eSprungbrett\u201c in den Tag eine fundamentale Rolle ein und entscheidet \u00fcber die Leistungsbereitschaft und die Leistungskurve der Kinder im Schulalltag. Die Milchkomponente spielt jedoch in der Fr\u00fchst\u00fccks- und Pausenverpflegung der Kinder trotz ihrer positiven Eigenschaften eher eine untergeordnete Rolle.<\/p>\n<p>Ziel des Projektes ist es, dem negativen Trend im Konsum von Milch und Milchprodukten bei Kindern und Jugendlichen entgegenzuwirken. Durch thematische Kurseinheiten kommen die Kinder auf den Geschmack dieser Lebensmittel und lernen ganz nebenbei, diese in ihren Essalltag zu integrieren. Sie lernen mehr \u00fcber die Eigenschaften und Herkunft der leckeren Milch (-Produkte) und erfahren wie sie sich ausgewogen ern\u00e4hren k\u00f6nnen. Ein gemeinsam zubereitetes Buffet mit Milchprodukten steigert dar\u00fcber hinaus wichtige Alltagskompetenzen im Umgang mit den Lebensmitteln und k\u00fcchentechnische Fertigkeiten.<\/p>\n<p>Das Projekt wird durch die SaarLandFrauen durchgef\u00fchrt und in Grundschulen und weiterf\u00fchrenden Schulen bis Sekundarstufe I angeboten. Dazu besuchen geschulte Ern\u00e4hrungsfachkr\u00e4fte Schulklassen und informieren dort \u00fcber die Herkunft und die Inhaltsstoffe der Milch. Dies kann in Form von Unterrichtseinheiten, Aktionstagen oder Elternabende erfolgen. Auf Wunsch unterst\u00fctzen die SaarLandFrauen auch Schulen bei der Ausrichtung von Schulfesten, Sportfesten und vieles mehr.<\/p>\n<p>In Zeiten von Corona stehen auch wir vor ganz neuen Herausforderungen. Um Ihnen weiterehin unsere Kurse anzubieten, haben wir in Anlehnung an den \u00bbMusterhygieneplan Saarland zum Infektionsschutz in Schulen im Rahmen der Corona-Pandemiema\u00dfnahme\u00ab ein <a href=\"https:\/\/saarlandfrauen.de\/wp-content\/uploads\/2020\/09\/Hygienekonzept-Ernahrungsprojekte.pdf\"><span style=\"text-decoration: underline;\">Hygienekonzept f\u00fcr unsere Ern\u00e4hrungsfachkr\u00e4fte<\/span><\/a> entwickelt. Diesen k\u00f6nnen Sie hier runterladen.<\/p>\n<p>[\/et_pb_text][\/et_pb_column][\/et_pb_row][\/et_pb_section]<\/p>\n","protected":false},"excerpt":{"rendered":"<p>Das Schulprojekt \u201cFit mit Milch\u201d Das Projekt \u00abFit mit Milch\u00bb wurde vom Landesverband der SaarLandFrauen e.\u00a0V. in Kooperation mit dem Ministerium f\u00fcr Umwelt und Verbraucherschutz des Saarlandes, der CMA und der Landesvereinigung der Milchwirtschaft des Saarlandes e.\u00a0V. ins Leben gerufen und wird seit 2005 erfolgreich an Grund- und weiterf\u00fchrenden Schulen durchgef\u00fchrt. Ein ma\u00dfgebender Faktor in [&hellip;]<\/p>\n","protected":false},"author":1,"featured_media":0,"parent":227,"menu_order":0,"comment_status":"closed","ping_status":"closed","template":"","meta":{"_et_pb_use_builder":"on","_et_pb_old_content":"","_et_gb_content_width":"","footnotes":""},"class_list":["post-199","page","type-page","status-publish","hentry"],"_links":{"self":[{"href":"https:\/\/saarlandfrauen.de\/index.php?rest_route=\/wp\/v2\/pages\/199","targetHints":{"allow":["GET"]}}],"collection":[{"href":"https:\/\/saarlandfrauen.de\/index.php?rest_route=\/wp\/v2\/pages"}],"about":[{"href":"https:\/\/saarlandfrauen.de\/index.php?rest_route=\/wp\/v2\/types\/page"}],"author":[{"embeddable":true,"href":"https:\/\/saarlandfrauen.de\/index.php?rest_route=\/wp\/v2\/users\/1"}],"replies":[{"embeddable":true,"href":"https:\/\/saarlandfrauen.de\/index.php?rest_route=%2Fwp%2Fv2%2Fcomments&post=199"}],"version-history":[{"count":20,"href":"https:\/\/saarlandfrauen.de\/index.php?rest_route=\/wp\/v2\/pages\/199\/revisions"}],"predecessor-version":[{"id":3840,"href":"https:\/\/saarlandfrauen.de\/index.php?rest_route=\/wp\/v2\/pages\/199\/revisions\/3840"}],"up":[{"embeddable":true,"href":"https:\/\/saarlandfrauen.de\/index.php?rest_route=\/wp\/v2\/pages\/227"}],"wp:attachment":[{"href":"https:\/\/saarlandfrauen.de\/index.php?rest_route=%2Fwp%2Fv2%2Fmedia&parent=199"}],"curies":[{"name":"wp","href":"https:\/\/api.w.org\/{rel}","templated":true}]}}

<p>[et_pb_section fb_built=&#8221;1&#8243; fullwidth=&#8221;on&#8221; _builder_version=&#8221;3.22&#8243;][et_pb_fullwidth_image src=&#8221;https://saarlandfrauen.de/wp-content/uploads/2021/04/Grafik-Milk-Glass-Pitcher-von-Couleur-Pixabay-original.jpg&#8221; admin_label=&#8221;Titel Bild&#8221; _builder_version=&#8221;4.9.4&#8243; vertical_offset_tablet=&#8221;-45px&#8221; horizontal_offset_tablet=&#8221;0&#8243; hover_enabled=&#8221;0&#8243; z_index_tablet=&#8221;500&#8243; box_shadow_horizontal_tablet=&#8221;0px&#8221; box_shadow_vertical_tablet=&#8221;0px&#8221; box_shadow_blur_tablet=&#8221;40px&#8221; box_shadow_spread_tablet=&#8221;0px&#8221; max_height_last_edited=&#8221;on|phone&#8221; max_height=&#8221;350px&#8221; sticky_enabled=&#8221;0&#8243; max_height_tablet=&#8221;275px&#8221; max_height_phone=&#8221;200px&#8221; vertical_offset_last_edited=&#8221;on|desktop&#8221; vertical_offset=&#8221;-150px&#8221; vertical_offset_phone=&#8221;-20px&#8221;][/et_pb_fullwidth_image][/et_pb_section][et_pb_section fb_built=&#8221;1&#8243; fullwidth=&#8221;on&#8221; _builder_version=&#8221;3.22&#8243;][et_pb_fullwidth_menu menu_id=&#8221;13&#8243; menu_style=&#8221;centered&#8221; submenu_direction=&#8221;downwards&#8221; fullwidth_menu=&#8221;off&#8221; menu_icon_color=&#8221;#000000&#8243; admin_label=&#8221;Unter Menü&#8221; _builder_version=&#8221;4.4.3&#8243; menu_font=&#8221;|700|||||||&#8221; menu_font_size=&#8221;17px&#8221; background_color=&#8221;#e09900&#8243; vertical_offset_tablet=&#8221;0&#8243; horizontal_offset_tablet=&#8221;0&#8243; z_index_tablet=&#8221;500&#8243; menu_text_shadow_horizontal_length_tablet=&#8221;0px&#8221; menu_text_shadow_vertical_length_tablet=&#8221;0px&#8221; menu_text_shadow_blur_strength_tablet=&#8221;1px&#8221; box_shadow_horizontal_tablet=&#8221;0px&#8221; box_shadow_vertical_tablet=&#8221;0px&#8221; box_shadow_blur_tablet=&#8221;40px&#8221; box_shadow_spread_tablet=&#8221;0px&#8221; box_shadow_horizontal_image_tablet=&#8221;0px&#8221; box_shadow_vertical_image_tablet=&#8221;0px&#8221; box_shadow_blur_image_tablet=&#8221;40px&#8221; box_shadow_spread_image_tablet=&#8221;0px&#8221;][/et_pb_fullwidth_menu][/et_pb_section][et_pb_section fb_built=&#8221;1&#8243; _builder_version=&#8221;4.3.3&#8243; vertical_offset_tablet=&#8221;0&#8243; horizontal_offset_tablet=&#8221;0&#8243; z_index_tablet=&#8221;500&#8243; box_shadow_horizontal_tablet=&#8221;0px&#8221; box_shadow_vertical_tablet=&#8221;0px&#8221; box_shadow_blur_tablet=&#8221;40px&#8221; box_shadow_spread_tablet=&#8221;0px&#8221;][et_pb_row _builder_version=&#8221;4.3.3&#8243; vertical_offset_tablet=&#8221;0&#8243; horizontal_offset_tablet=&#8221;0&#8243; z_index_tablet=&#8221;0&#8243; custom_css_main_element=&#8221;align-items: center;&#8221; box_shadow_horizontal_tablet=&#8221;0px&#8221; box_shadow_vertical_tablet=&#8221;0px&#8221; box_shadow_blur_tablet=&#8221;40px&#8221; box_shadow_spread_tablet=&#8221;0px&#8221;][et_pb_column type=&#8221;4_4&#8243; _builder_version=&#8221;3.0.47&#8243; custom_padding=&#8221;|||&#8221; custom_padding__hover=&#8221;|||&#8221;][et_pb_text admin_label=&#8221;Fit mit Milch&#8221; _builder_version=&#8221;4.6.1&#8243; vertical_offset_tablet=&#8221;0&#8243; horizontal_offset_tablet=&#8221;0&#8243; z_index_tablet=&#8221;0&#8243; text_text_shadow_horizontal_length_tablet=&#8221;0px&#8221; text_text_shadow_vertical_length_tablet=&#8221;0px&#8221; text_text_shadow_blur_strength_tablet=&#8221;1px&#8221; link_text_shadow_horizontal_length_tablet=&#8221;0px&#8221; link_text_shadow_vertical_length_tablet=&#8221;0px&#8221; link_text_shadow_blur_strength_tablet=&#8221;1px&#8221; ul_text_shadow_horizontal_length_tablet=&#8221;0px&#8221; ul_text_shadow_vertical_length_tablet=&#8221;0px&#8221; ul_text_shadow_blur_strength_tablet=&#8221;1px&#8221; ol_text_shadow_horizontal_length_tablet=&#8221;0px&#8221; ol_text_shadow_vertical_length_tablet=&#8221;0px&#8221; ol_text_shadow_blur_strength_tablet=&#8221;1px&#8221; quote_text_shadow_horizontal_length_tablet=&#8221;0px&#8221; quote_text_shadow_vertical_length_tablet=&#8221;0px&#8221; quote_text_shadow_blur_strength_tablet=&#8221;1px&#8221; header_text_shadow_horizontal_length_tablet=&#8221;0px&#8221; header_text_shadow_vertical_length_tablet=&#8221;0px&#8221; header_text_shadow_blur_strength_tablet=&#8221;1px&#8221; header_2_text_shadow_horizontal_length_tablet=&#8221;0px&#8221; header_2_text_shadow_vertical_length_tablet=&#8221;0px&#8221; header_2_text_shadow_blur_strength_tablet=&#8221;1px&#8221; header_3_text_shadow_horizontal_length_tablet=&#8221;0px&#8221; header_3_text_shadow_vertical_length_tablet=&#8221;0px&#8221; header_3_text_shadow_blur_strength_tablet=&#8221;1px&#8221; header_4_text_shadow_horizontal_length_tablet=&#8221;0px&#8221; header_4_text_shadow_vertical_length_tablet=&#8221;0px&#8221; header_4_text_shadow_blur_strength_tablet=&#8221;1px&#8221; header_5_text_shadow_horizontal_length_tablet=&#8221;0px&#8221; header_5_text_shadow_vertical_length_tablet=&#8221;0px&#8221; header_5_text_shadow_blur_strength_tablet=&#8221;1px&#8221; header_6_text_shadow_horizontal_length_tablet=&#8221;0px&#8221; header_6_text_shadow_vertical_length_tablet=&#8221;0px&#8221; header_6_text_shadow_blur_strength_tablet=&#8221;1px&#8221; box_shadow_horizontal_tablet=&#8221;0px&#8221; box_shadow_vertical_tablet=&#8221;0px&#8221; box_shadow_blur_tablet=&#8221;40px&#8221; box_shadow_spread_tablet=&#8221;0px&#8221;]</p>
<h3><u>Das Schulprojekt “Fit mit Milch”</u></h3>
<p>Das Projekt «Fit mit Milch» wurde vom Landesverband der SaarLandFrauen e. V. in Kooperation mit dem Ministerium für Umwelt und Verbraucherschutz des Saarlandes, der CMA und der Landesvereinigung der Milchwirtschaft des Saarlandes e. V. ins Leben gerufen und wird seit 2005 erfolgreich an Grund- und weiterführenden Schulen durchgeführt.</p>
<p>Ein maßgebender Faktor in der Gesundheitsförderung stellt eine gesunde Ernährung dar. Dabei ist es wichtig, bereits im frühen Kindesalter ein gesundes Essverhalten zu erlernen. Das (Schul-) Frühstück nimmt dabei als „Sprungbrett“ in den Tag eine fundamentale Rolle ein und entscheidet über die Leistungsbereitschaft und die Leistungskurve der Kinder im Schulalltag. Die Milchkomponente spielt jedoch in der Frühstücks- und Pausenverpflegung der Kinder trotz ihrer positiven Eigenschaften eher eine untergeordnete Rolle.</p>
<p>Ziel des Projektes ist es, dem negativen Trend im Konsum von Milch und Milchprodukten bei Kindern und Jugendlichen entgegenzuwirken. Durch thematische Kurseinheiten kommen die Kinder auf den Geschmack dieser Lebensmittel und lernen ganz nebenbei, diese in ihren Essalltag zu integrieren. Sie lernen mehr über die Eigenschaften und Herkunft der leckeren Milch (-Produkte) und erfahren wie sie sich ausgewogen ernähren können. Ein gemeinsam zubereitetes Buffet mit Milchprodukten steigert darüber hinaus wichtige Alltagskompetenzen im Umgang mit den Lebensmitteln und küchentechnische Fertigkeiten.</p>
<p>Das Projekt wird durch die SaarLandFrauen durchgeführt und in Grundschulen und weiterführenden Schulen bis Sekundarstufe I angeboten. Dazu besuchen geschulte Ernährungsfachkräfte Schulklassen und informieren dort über die Herkunft und die Inhaltsstoffe der Milch. Dies kann in Form von Unterrichtseinheiten, Aktionstagen oder Elternabende erfolgen. Auf Wunsch unterstützen die SaarLandFrauen auch Schulen bei der Ausrichtung von Schulfesten, Sportfesten und vieles mehr.</p>
<p>In Zeiten von Corona stehen auch wir vor ganz neuen Herausforderungen. Um Ihnen weiterehin unsere Kurse anzubieten, haben wir in Anlehnung an den »Musterhygieneplan Saarland zum Infektionsschutz in Schulen im Rahmen der Corona-Pandemiemaßnahme« ein <a href="https://saarlandfrauen.de/wp-content/uploads/2020/09/Hygienekonzept-Ernahrungsprojekte.pdf"><span style="text-decoration: underline;">Hygienekonzept für unsere Ernährungsfachkräfte</span></a> entwickelt. Diesen können Sie hier runterladen.</p>
<p>[/et_pb_text][/et_pb_column][/et_pb_row][/et_pb_section]</p>

<p>Das Schulprojekt “Fit mit Milch” Das Projekt «Fit mit Milch» wurde vom Landesverband der SaarLandFrauen e. V. in Kooperation mit dem Ministerium für Umwelt und Verbraucherschutz des Saarlandes, der CMA und der Landesvereinigung der Milchwirtschaft des Saarlandes e. V. ins Leben gerufen und wird seit 2005 erfolgreich an Grund- und weiterführenden Schulen durchgeführt. Ein maßgebender Faktor in [&hellip;]</p>
