{"id":444,"date":"2020-03-11T14:56:06","date_gmt":"2020-03-11T14:56:06","guid":{"rendered":"https:\/\/saarlandfrauen.de\/?page_id=444"},"modified":"2022-07-26T13:04:19","modified_gmt":"2022-07-26T12:04:19","slug":"lv_partner","status":"publish","type":"page","link":"https:\/\/saarlandfrauen.de\/?page_id=444","title":{"rendered":"LV_Partner"},"content":{"rendered":"<p>[et_pb_section bb_built=&#8221;1&#8243; fullwidth=&#8221;on&#8221; _builder_version=&#8221;3.22&#8243; next_background_color=&#8221;#000000&#8243;][et_pb_fullwidth_image admin_label=&#8221;Titel Bild&#8221; src=&#8221;https:\/\/saarlandfrauen.de\/wp-content\/uploads\/2021\/03\/shutterstock_257585629-scaled.jpg&#8221; _builder_version=&#8221;4.9.4&#8243; vertical_offset=&#8221;-150px&#8221; vertical_offset_tablet=&#8221;-35px&#8221; vertical_offset_last_edited=&#8221;on|phone&#8221; horizontal_offset_tablet=&#8221;0&#8243; max_height=&#8221;350px&#8221; max_height_tablet=&#8221;275px&#8221; max_height_phone=&#8221;200px&#8221; max_height_last_edited=&#8221;on|desktop&#8221; z_index_tablet=&#8221;500&#8243; box_shadow_horizontal_tablet=&#8221;0px&#8221; box_shadow_vertical_tablet=&#8221;0px&#8221; box_shadow_blur_tablet=&#8221;40px&#8221; box_shadow_spread_tablet=&#8221;0px&#8221;]<\/p>\n<p>[\/et_pb_fullwidth_image][\/et_pb_section][et_pb_section bb_built=&#8221;1&#8243; fullwidth=&#8221;on&#8221; _builder_version=&#8221;3.22&#8243; prev_background_color=&#8221;#000000&#8243; next_background_color=&#8221;#000000&#8243;][et_pb_fullwidth_menu admin_label=&#8221;Unter Men\u00fc&#8221; menu_id=&#8221;4&#8243; menu_style=&#8221;centered&#8221; submenu_direction=&#8221;downwards&#8221; fullwidth_menu=&#8221;off&#8221; menu_icon_color=&#8221;#000000&#8243; _builder_version=&#8221;4.4.3&#8243; menu_font=&#8221;|700|||||||&#8221; menu_font_size=&#8221;17px&#8221; background_color=&#8221;#e09900&#8243; vertical_offset_tablet=&#8221;0&#8243; horizontal_offset_tablet=&#8221;0&#8243; z_index_tablet=&#8221;500&#8243; menu_text_shadow_horizontal_length_tablet=&#8221;0px&#8221; menu_text_shadow_vertical_length_tablet=&#8221;0px&#8221; menu_text_shadow_blur_strength_tablet=&#8221;1px&#8221; box_shadow_horizontal_tablet=&#8221;0px&#8221; box_shadow_vertical_tablet=&#8221;0px&#8221; box_shadow_blur_tablet=&#8221;40px&#8221; box_shadow_spread_tablet=&#8221;0px&#8221; box_shadow_horizontal_image_tablet=&#8221;0px&#8221; box_shadow_vertical_image_tablet=&#8221;0px&#8221; box_shadow_blur_image_tablet=&#8221;40px&#8221; box_shadow_spread_image_tablet=&#8221;0px&#8221;]<\/p>\n<p>[\/et_pb_fullwidth_menu][\/et_pb_section][et_pb_section bb_built=&#8221;1&#8243; _builder_version=&#8221;4.3.3&#8243; vertical_offset_tablet=&#8221;0&#8243; horizontal_offset_tablet=&#8221;0&#8243; z_index_tablet=&#8221;500&#8243; box_shadow_horizontal_tablet=&#8221;0px&#8221; box_shadow_vertical_tablet=&#8221;0px&#8221; box_shadow_blur_tablet=&#8221;40px&#8221; box_shadow_spread_tablet=&#8221;0px&#8221; prev_background_color=&#8221;#000000&#8243; next_background_color=&#8221;#000000&#8243;][et_pb_row _builder_version=&#8221;4.3.3&#8243; vertical_offset_tablet=&#8221;0&#8243; horizontal_offset_tablet=&#8221;0&#8243; z_index_tablet=&#8221;0&#8243; custom_css_main_element=&#8221;align-items: center;&#8221; box_shadow_horizontal_tablet=&#8221;0px&#8221; box_shadow_vertical_tablet=&#8221;0px&#8221; box_shadow_blur_tablet=&#8221;40px&#8221; box_shadow_spread_tablet=&#8221;0px&#8221;][et_pb_column type=&#8221;4_4&#8243; _builder_version=&#8221;3.0.47&#8243; custom_padding=&#8221;|||&#8221; custom_padding__hover=&#8221;|||&#8221;][et_pb_text _builder_version=&#8221;4.9.7&#8243; vertical_offset_tablet=&#8221;0&#8243; horizontal_offset_tablet=&#8221;0&#8243; z_index_tablet=&#8221;0&#8243; text_text_shadow_horizontal_length_tablet=&#8221;0px&#8221; text_text_shadow_vertical_length_tablet=&#8221;0px&#8221; text_text_shadow_blur_strength_tablet=&#8221;1px&#8221; link_text_shadow_horizontal_length_tablet=&#8221;0px&#8221; link_text_shadow_vertical_length_tablet=&#8221;0px&#8221; link_text_shadow_blur_strength_tablet=&#8221;1px&#8221; ul_text_shadow_horizontal_length_tablet=&#8221;0px&#8221; ul_text_shadow_vertical_length_tablet=&#8221;0px&#8221; ul_text_shadow_blur_strength_tablet=&#8221;1px&#8221; ol_text_shadow_horizontal_length_tablet=&#8221;0px&#8221; ol_text_shadow_vertical_length_tablet=&#8221;0px&#8221; ol_text_shadow_blur_strength_tablet=&#8221;1px&#8221; quote_text_shadow_horizontal_length_tablet=&#8221;0px&#8221; quote_text_shadow_vertical_length_tablet=&#8221;0px&#8221; quote_text_shadow_blur_strength_tablet=&#8221;1px&#8221; header_text_shadow_horizontal_length_tablet=&#8221;0px&#8221; header_text_shadow_vertical_length_tablet=&#8221;0px&#8221; header_text_shadow_blur_strength_tablet=&#8221;1px&#8221; header_2_text_shadow_horizontal_length_tablet=&#8221;0px&#8221; header_2_text_shadow_vertical_length_tablet=&#8221;0px&#8221; header_2_text_shadow_blur_strength_tablet=&#8221;1px&#8221; header_3_text_shadow_horizontal_length_tablet=&#8221;0px&#8221; header_3_text_shadow_vertical_length_tablet=&#8221;0px&#8221; header_3_text_shadow_blur_strength_tablet=&#8221;1px&#8221; header_4_text_shadow_horizontal_length_tablet=&#8221;0px&#8221; header_4_text_shadow_vertical_length_tablet=&#8221;0px&#8221; header_4_text_shadow_blur_strength_tablet=&#8221;1px&#8221; header_5_text_shadow_horizontal_length_tablet=&#8221;0px&#8221; header_5_text_shadow_vertical_length_tablet=&#8221;0px&#8221; header_5_text_shadow_blur_strength_tablet=&#8221;1px&#8221; header_6_text_shadow_horizontal_length_tablet=&#8221;0px&#8221; header_6_text_shadow_vertical_length_tablet=&#8221;0px&#8221; header_6_text_shadow_blur_strength_tablet=&#8221;1px&#8221; box_shadow_horizontal_tablet=&#8221;0px&#8221; box_shadow_vertical_tablet=&#8221;0px&#8221; box_shadow_blur_tablet=&#8221;40px&#8221; box_shadow_spread_tablet=&#8221;0px&#8221; text_text_shadow_horizontal_length=&#8221;text_text_shadow_style,%91object Object%93&#8243; text_text_shadow_vertical_length=&#8221;text_text_shadow_style,%91object Object%93&#8243; text_text_shadow_blur_strength=&#8221;text_text_shadow_style,%91object Object%93&#8243; link_text_shadow_horizontal_length=&#8221;link_text_shadow_style,%91object Object%93&#8243; link_text_shadow_vertical_length=&#8221;link_text_shadow_style,%91object Object%93&#8243; link_text_shadow_blur_strength=&#8221;link_text_shadow_style,%91object Object%93&#8243; ul_text_shadow_horizontal_length=&#8221;ul_text_shadow_style,%91object Object%93&#8243; ul_text_shadow_vertical_length=&#8221;ul_text_shadow_style,%91object Object%93&#8243; ul_text_shadow_blur_strength=&#8221;ul_text_shadow_style,%91object Object%93&#8243; ol_text_shadow_horizontal_length=&#8221;ol_text_shadow_style,%91object Object%93&#8243; ol_text_shadow_vertical_length=&#8221;ol_text_shadow_style,%91object Object%93&#8243; ol_text_shadow_blur_strength=&#8221;ol_text_shadow_style,%91object Object%93&#8243; quote_text_shadow_horizontal_length=&#8221;quote_text_shadow_style,%91object Object%93&#8243; quote_text_shadow_vertical_length=&#8221;quote_text_shadow_style,%91object Object%93&#8243; quote_text_shadow_blur_strength=&#8221;quote_text_shadow_style,%91object Object%93&#8243; header_text_shadow_horizontal_length=&#8221;header_text_shadow_style,%91object Object%93&#8243; header_text_shadow_vertical_length=&#8221;header_text_shadow_style,%91object Object%93&#8243; header_text_shadow_blur_strength=&#8221;header_text_shadow_style,%91object Object%93&#8243; header_2_text_shadow_horizontal_length=&#8221;header_2_text_shadow_style,%91object Object%93&#8243; header_2_text_shadow_vertical_length=&#8221;header_2_text_shadow_style,%91object Object%93&#8243; header_2_text_shadow_blur_strength=&#8221;header_2_text_shadow_style,%91object Object%93&#8243; header_3_text_shadow_horizontal_length=&#8221;header_3_text_shadow_style,%91object Object%93&#8243; header_3_text_shadow_vertical_length=&#8221;header_3_text_shadow_style,%91object Object%93&#8243; header_3_text_shadow_blur_strength=&#8221;header_3_text_shadow_style,%91object Object%93&#8243; header_4_text_shadow_horizontal_length=&#8221;header_4_text_shadow_style,%91object Object%93&#8243; header_4_text_shadow_vertical_length=&#8221;header_4_text_shadow_style,%91object Object%93&#8243; header_4_text_shadow_blur_strength=&#8221;header_4_text_shadow_style,%91object Object%93&#8243; header_5_text_shadow_horizontal_length=&#8221;header_5_text_shadow_style,%91object Object%93&#8243; header_5_text_shadow_vertical_length=&#8221;header_5_text_shadow_style,%91object Object%93&#8243; header_5_text_shadow_blur_strength=&#8221;header_5_text_shadow_style,%91object Object%93&#8243; header_6_text_shadow_horizontal_length=&#8221;header_6_text_shadow_style,%91object Object%93&#8243; header_6_text_shadow_vertical_length=&#8221;header_6_text_shadow_style,%91object Object%93&#8243; header_6_text_shadow_blur_strength=&#8221;header_6_text_shadow_style,%91object Object%93&#8243;]<\/p>\n<h3><span style=\"font-size: 18pt;\"><strong>Wir haben ein starkes Netzwerk und arbeiten mit folgenden Partnern zusammen:<\/strong><\/span><\/h3>\n<p>\u00a0<\/p>\n<table style=\"width: 83.7085%; border-collapse: collapse; border-style: none; height: 327px;\">\n<tbody>\n<tr style=\"height: 73px;\">\n<td style=\"width: 32.0653%; border-style: solid; height: 73px;\">\n<p>\u00a0 \u00a0 <img decoding=\"async\" src=\"https:\/\/encrypted-tbn0.gstatic.com\/images?q=tbn%3AANd9GcR7OpuVF2w-XykqC8l_jb-ww4ltE-PrioXxsxMj8JXEesmvCczf&amp;usqp=CAU\" alt=\"Ministerium f\u00fcr Bildung und Kultur | Ganzt\u00e4gig Lernen - Saarland\" \/><\/p>\n<\/td>\n<td style=\"width: 58.2431%; border-style: solid; height: 73px;\">\n<p><strong><a href=\"https:\/\/www.saarland.de\/ministerium_bildung_kultur.htm\" target=\"_blank\" rel=\"noopener noreferrer\">Ministerium f\u00fcr Bildung, Familie, Frauen und Kultur<\/a><\/strong><\/p>\n<\/td>\n<\/tr>\n<tr>\n<td style=\"width: 32.0653%; border-style: solid;\"><img decoding=\"async\" src=\"https:\/\/encrypted-tbn0.gstatic.com\/images?q=tbn%3AANd9GcR7OpuVF2w-XykqC8l_jb-ww4ltE-PrioXxsxMj8JXEesmvCczf&amp;usqp=CAU\" alt=\"Ministerium f\u00fcr Bildung und Kultur | Ganzt\u00e4gig Lernen - Saarland\" \/><\/td>\n<td style=\"width: 58.2431%; border-style: solid;\"><a href=\"https:\/\/www.saarland.de\/weiterbildung.htm\" target=\"_blank\" rel=\"noopener noreferrer\"><strong>Weiterbildungsportal Saarland<\/strong><\/a><\/td>\n<\/tr>\n<tr>\n<td style=\"width: 32.0653%; border-style: solid;\">\n<p><img loading=\"lazy\" decoding=\"async\" class=\"alignnone size-medium wp-image-3844\" src=\"https:\/\/saarlandfrauen.de\/wp-content\/uploads\/2022\/07\/Saar_MZ_Min-UKMAV-D_std_300_3C-300x121.jpg\" alt=\"\" width=\"300\" height=\"121\" \/><\/p>\n<\/td>\n<td style=\"width: 58.2431%; border-style: solid;\"><a href=\"https:\/\/www.saarland.de\/ministerium_umwelt_verbraucherschutz.htm\" target=\"_blank\" rel=\"noopener noreferrer\"><strong>Ministerium f\u00fcr Umwelt und Verbraucherschutz <\/strong><\/a><\/td>\n<\/tr>\n<tr style=\"height: 69px;\">\n<td style=\"width: 32.0653%; border-style: solid; height: 69px;\">\n<p><img loading=\"lazy\" decoding=\"async\" class=\"alignnone size-medium wp-image-3843\" src=\"https:\/\/saarlandfrauen.de\/wp-content\/uploads\/2022\/07\/Saar_MZ_Min-ASFG-D_std_3C-300x121.jpg\" alt=\"\" width=\"300\" height=\"121\" \/><\/p>\n<\/td>\n<td style=\"width: 58.2431%; border-style: solid; height: 69px;\"><strong><a href=\"https:\/\/www.saarland.de\/ministerium_soziales_gesundheit_frauen_familie.htm\" target=\"_blank\" rel=\"noopener noreferrer\">Ministerium f\u00fcr Soziales, Gesundheit, Frauen und Familie<\/a><\/strong><\/td>\n<\/tr>\n<tr>\n<td style=\"width: 32.0653%; border-style: solid;\">\n<p><strong><img loading=\"lazy\" decoding=\"async\" class=\"\" src=\"https:\/\/encrypted-tbn0.gstatic.com\/images?q=tbn%3AANd9GcRd50LAdu7DbjxmGyQAm10HbtDkdl8MfvOQjewn6RazZ9XM69nQ&amp;usqp=CAU\" alt=\"Saarland Staatskanzlei - Home | Facebook\" width=\"212\" height=\"212\" \/><\/strong><\/p>\n<\/td>\n<td style=\"width: 58.2431%; border-style: solid;\"><a href=\"https:\/\/www.saarland.de\/staatskanzlei.htm\" target=\"_blank\" rel=\"noopener noreferrer\"><strong>Staatskanzlei Saarland<\/strong><\/a><\/td>\n<\/tr>\n<tr style=\"height: 73px;\">\n<td style=\"width: 32.0653%; border-style: solid; height: 73px;\">\n<p><img loading=\"lazy\" decoding=\"async\" class=\"aligncenter wp-image-448 size-full\" src=\"https:\/\/saarlandfrauen.de\/wp-content\/uploads\/2020\/03\/landwirtschaftskammer_logo.png\" alt=\"\" width=\"318\" height=\"88\" srcset=\"https:\/\/saarlandfrauen.de\/wp-content\/uploads\/2020\/03\/landwirtschaftskammer_logo.png 318w, https:\/\/saarlandfrauen.de\/wp-content\/uploads\/2020\/03\/landwirtschaftskammer_logo-300x83.png 300w\" sizes=\"(max-width: 318px) 100vw, 318px\" \/><\/p>\n<p>\u00a0<\/p>\n<\/td>\n<td style=\"width: 58.2431%; border-style: solid; height: 73px;\">\n<p><a href=\"https:\/\/www.lwk-saarland.de\/\" target=\"_blank\" rel=\"noopener noreferrer\"><strong>Landwirtschaftskammer f\u00fcr das Saarland<\/strong><\/a><\/p>\n<\/td>\n<\/tr>\n<tr>\n<td style=\"width: 32.0653%; border-style: solid;\">\n<p><img loading=\"lazy\" decoding=\"async\" class=\"aligncenter wp-image-3231\" src=\"https:\/\/saarlandfrauen.de\/wp-content\/uploads\/2021\/04\/milag-logo-2020-top-2x-300x128.png\" alt=\"Milchwirtschaftliche Arbeitsgemeinschaft Rheinland-Pfalz e.V.\" width=\"280\" height=\"120\" srcset=\"https:\/\/saarlandfrauen.de\/wp-content\/uploads\/2021\/04\/milag-logo-2020-top-2x-300x128.png 300w, https:\/\/saarlandfrauen.de\/wp-content\/uploads\/2021\/04\/milag-logo-2020-top-2x.png 412w\" sizes=\"(max-width: 280px) 100vw, 280px\" \/><\/p>\n<\/td>\n<td style=\"width: 58.2431%; border-style: solid;\">\n<p><a href=\"https:\/\/www.milag.net\/home.htm\" target=\"_blank\" rel=\"noopener noreferrer\"><strong>Milchwirtschaftliche Arbeitsgemeinschaft Rheinland-Pfalz-Saar e.V.<\/strong><\/a><\/p>\n<\/td>\n<\/tr>\n<tr>\n<td style=\"width: 32.0653%; border-style: solid;\">\n<p><img loading=\"lazy\" decoding=\"async\" class=\"wp-image-3232 size-medium aligncenter\" src=\"https:\/\/saarlandfrauen.de\/wp-content\/uploads\/2021\/04\/bv_logo-300x47.png\" alt=\"Bauernverband Saar e.V.\" width=\"300\" height=\"47\" srcset=\"https:\/\/saarlandfrauen.de\/wp-content\/uploads\/2021\/04\/bv_logo-300x47.png 300w, https:\/\/saarlandfrauen.de\/wp-content\/uploads\/2021\/04\/bv_logo.png 374w\" sizes=\"(max-width: 300px) 100vw, 300px\" \/><\/p>\n<\/td>\n<td style=\"width: 58.2431%; border-style: solid;\">\n<p><a href=\"http:\/\/bv-saar.de\/#\" target=\"_blank\" rel=\"noopener noreferrer\"><strong>Bauernverband Saar e.V.<\/strong><\/a><\/p>\n<\/td>\n<\/tr>\n<tr style=\"height: 88px;\">\n<td style=\"width: 32.0653%; border-style: solid; height: 88px;\">\n<p><strong><img loading=\"lazy\" decoding=\"async\" class=\"aligncenter wp-image-447 size-full\" src=\"https:\/\/saarlandfrauen.de\/wp-content\/uploads\/2020\/03\/Frauenrat-Saarland-Kopfbereich-02.jpg\" alt=\"\" width=\"1200\" height=\"400\" srcset=\"https:\/\/saarlandfrauen.de\/wp-content\/uploads\/2020\/03\/Frauenrat-Saarland-Kopfbereich-02.jpg 1200w, https:\/\/saarlandfrauen.de\/wp-content\/uploads\/2020\/03\/Frauenrat-Saarland-Kopfbereich-02-980x327.jpg 980w, https:\/\/saarlandfrauen.de\/wp-content\/uploads\/2020\/03\/Frauenrat-Saarland-Kopfbereich-02-480x160.jpg 480w\" sizes=\"(min-width: 0px) and (max-width: 480px) 480px, (min-width: 481px) and (max-width: 980px) 980px, (min-width: 981px) 1200px, 100vw\" \/><\/strong><\/p>\n<p>\u00a0<\/p>\n<\/td>\n<td style=\"width: 58.2431%; border-style: solid; height: 88px;\">\n<p><strong><a href=\"https:\/\/www.frauenrat-saarland.de\/\" target=\"_blank\" rel=\"noopener noreferrer\">Frauenrat Saarland<\/a><\/strong><\/p>\n<\/td>\n<\/tr>\n<tr style=\"height: 24px;\">\n<td style=\"width: 32.0653%; border-style: solid; height: 24px;\">\n<p><img loading=\"lazy\" decoding=\"async\" class=\"aligncenter wp-image-451 size-full\" src=\"https:\/\/saarlandfrauen.de\/wp-content\/uploads\/2020\/03\/Verbraucherzentrale.gif\" alt=\"\" width=\"1179\" height=\"98\" \/><\/p>\n<\/td>\n<td style=\"width: 58.2431%; border-style: solid; height: 24px;\">\n<p><a href=\"https:\/\/www.verbraucherzentrale-saarland.de\/\" target=\"_blank\" rel=\"noopener noreferrer\"><strong>Verbraucherzentrale Saarland<\/strong><\/a><\/p>\n<p>\u00a0<\/p>\n<\/td>\n<\/tr>\n<tr>\n<td style=\"width: 32.0653%; border-style: solid;\"><img decoding=\"async\" src=\"https:\/\/landfrauen-bw.de\/wp-content\/uploads\/2016\/05\/Logo-deutscherlandfrauenverband-e1464091442530.png\" alt=\"Bundesverband - LandFrauenverband W\u00fcrttemberg-Baden e.V.\" \/><\/td>\n<td style=\"width: 58.2431%; border-style: solid;\">\n<p><a href=\"https:\/\/www.landfrauen.info\/\" target=\"_blank\" rel=\"noopener noreferrer\"><strong>Deutscher LandFrauenverband e.V.<\/strong><\/a><\/p>\n<\/td>\n<\/tr>\n<tr>\n<td style=\"width: 32.0653%; border-style: solid;\">\n<p><img loading=\"lazy\" decoding=\"async\" class=\"alignnone wp-image-1412\" src=\"https:\/\/saarlandfrauen.de\/wp-content\/uploads\/2020\/04\/logo-junge-landfrauen-blanko-cmyk-scaled.jpg\" alt=\"\" width=\"275\" height=\"83\" \/><\/p>\n<\/td>\n<td style=\"width: 58.2431%; border-style: solid;\">\n<p><a href=\"https:\/\/www.landfrauen.info\/themen\/zukunft-ehrenamt\/artikel\/junge-landfrauen-machen-sich-auf-den-weg-und-stellen-die-zukunftsfrage\/\" target=\"_blank\" rel=\"noopener noreferrer\"><strong>Deutscher LandFrauenverband e.V. &#8211; Junge LandFrauen<\/strong><\/a><\/p>\n<\/td>\n<\/tr>\n<tr>\n<td style=\"width: 32.0653%; border-style: solid;\">\n<p><img decoding=\"async\" src=\"https:\/\/www.landfrauen-pfalz.de\/sites\/all\/themes\/frontend\/images\/logo.jpg\" alt=\"Startseite\" \/><\/p>\n<\/td>\n<td style=\"width: 58.2431%; border-style: solid;\">\n<p><a href=\"https:\/\/www.landfrauen-pfalz.de\/\" target=\"_blank\" rel=\"noopener noreferrer\"><strong>LandFrauenverband Pfalz e.V.<\/strong><\/a><\/p>\n<p>\u00a0<\/p>\n<\/td>\n<\/tr>\n<tr>\n<td style=\"width: 32.0653%; border-style: solid;\">\n<p><img decoding=\"async\" src=\"https:\/\/www.pugis.de\/wp-content\/uploads\/2018\/12\/cropped-Pugis_Logo.png\" alt=\"Pugis e.V.\" \/><\/p>\n<\/td>\n<td style=\"width: 58.2431%; border-style: solid;\">\n<p><a href=\"https:\/\/www.pugis.de\/\" target=\"_blank\" rel=\"noopener noreferrer\"><strong>PUGIS e.V.<\/strong><\/a><\/p>\n<\/td>\n<\/tr>\n<tr>\n<td style=\"width: 32.0653%; border-style: solid;\">\n<p><img decoding=\"async\" src=\"https:\/\/adolfbender.de\/wp-content\/uploads\/2019\/01\/adolf-bender-zentrum-logo.png\" alt=\"Logo des Adolf-Bender-Zentrums\" \/><\/p>\n<\/td>\n<td style=\"width: 58.2431%; border-style: solid;\">\n<p><a href=\"https:\/\/adolfbender.de\/\" target=\"_blank\" rel=\"noopener noreferrer\"><strong>Adolf-Bender-Zentrum<\/strong><\/a><\/p>\n<\/td>\n<\/tr>\n<tr>\n<td style=\"width: 32.0653%; border-style: solid;\">\n<p><img decoding=\"async\" src=\"https:\/\/www.eao-otzenhausen.de\/fileadmin\/_processed_\/0\/b\/csm_Logo_EAO_Otzenhausen_b9422f3f5f.png\" \/><\/p>\n<\/td>\n<td style=\"width: 58.2431%; border-style: solid;\">\n<p><a href=\"http:\/\/www.eao-otzenhausen.de\/\" target=\"_blank\" rel=\"noopener noreferrer\"><strong>Europ\u00e4ische Akademie Otzenhausen<\/strong><\/a><\/p>\n<\/td>\n<\/tr>\n<\/tbody>\n<\/table>\n<table style=\"width: 83.7085%; border-collapse: collapse; border-style: none; height: 327px;\">\n<tbody>\n<tr>\n<td style=\"width: 32.0653%; border-style: solid;\">\n<p><img loading=\"lazy\" decoding=\"async\" class=\"alignnone size-medium wp-image-3846\" src=\"https:\/\/saarlandfrauen.de\/wp-content\/uploads\/2022\/07\/Logo_Genuss_Partner_RGB_online-300x220.png\" alt=\"\" width=\"300\" height=\"220\" \/><\/p>\n<\/td>\n<td style=\"width: 58.2431%; border-style: solid;\">\n<p><strong><a href=\"http:\/\/www.genuss.saarland\">Tourismus Zentrale Saarland GmbH<\/a><\/strong><\/p>\n<p>\u00a0<\/p>\n<\/td>\n<\/tr>\n<\/tbody>\n<\/table>\n<p>[\/et_pb_text][\/et_pb_column][\/et_pb_row][\/et_pb_section][et_pb_section bb_built=&#8221;1&#8243; _builder_version=&#8221;4.9.7&#8243; _module_preset=&#8221;default&#8221; prev_background_color=&#8221;#000000&#8243;][\/et_pb_section]<\/p>\n","protected":false},"excerpt":{"rendered":"<p>Wir haben ein starkes Netzwerk und arbeiten mit folgenden Partnern zusammen:\u00a0\u00a0 \u00a0 Ministerium f\u00fcr Bildung, Familie, Frauen und KulturWeiterbildungsportal SaarlandMinisterium f\u00fcr Umwelt und Verbraucherschutz Ministerium f\u00fcr Soziales, Gesundheit, Frauen und FamilieStaatskanzlei Saarland\u00a0Landwirtschaftskammer f\u00fcr das SaarlandMilchwirtschaftliche Arbeitsgemeinschaft Rheinland-Pfalz-Saar e.V.Bauernverband Saar e.V.\u00a0Frauenrat SaarlandVerbraucherzentrale Saarland\u00a0Deutscher LandFrauenverband e.V.Deutscher LandFrauenverband e.V. &#8211; Junge LandFrauenLandFrauenverband Pfalz e.V.\u00a0PUGIS e.V.Adolf-Bender-ZentrumEurop\u00e4ische Akademie OtzenhausenTourismus Zentrale [&hellip;]<\/p>\n","protected":false},"author":1,"featured_media":0,"parent":83,"menu_order":0,"comment_status":"closed","ping_status":"closed","template":"","meta":{"_et_pb_use_builder":"on","_et_pb_old_content":"","_et_gb_content_width":"","footnotes":""},"class_list":["post-444","page","type-page","status-publish","hentry"],"_links":{"self":[{"href":"https:\/\/saarlandfrauen.de\/index.php?rest_route=\/wp\/v2\/pages\/444","targetHints":{"allow":["GET"]}}],"collection":[{"href":"https:\/\/saarlandfrauen.de\/index.php?rest_route=\/wp\/v2\/pages"}],"about":[{"href":"https:\/\/saarlandfrauen.de\/index.php?rest_route=\/wp\/v2\/types\/page"}],"author":[{"embeddable":true,"href":"https:\/\/saarlandfrauen.de\/index.php?rest_route=\/wp\/v2\/users\/1"}],"replies":[{"embeddable":true,"href":"https:\/\/saarlandfrauen.de\/index.php?rest_route=%2Fwp%2Fv2%2Fcomments&post=444"}],"version-history":[{"count":21,"href":"https:\/\/saarlandfrauen.de\/index.php?rest_route=\/wp\/v2\/pages\/444\/revisions"}],"predecessor-version":[{"id":3848,"href":"https:\/\/saarlandfrauen.de\/index.php?rest_route=\/wp\/v2\/pages\/444\/revisions\/3848"}],"up":[{"embeddable":true,"href":"https:\/\/saarlandfrauen.de\/index.php?rest_route=\/wp\/v2\/pages\/83"}],"wp:attachment":[{"href":"https:\/\/saarlandfrauen.de\/index.php?rest_route=%2Fwp%2Fv2%2Fmedia&parent=444"}],"curies":[{"name":"wp","href":"https:\/\/api.w.org\/{rel}","templated":true}]}}